alculate the highest common factor of z and 147.
49
Let a(q) be the second derivative of -7*q**3/6 + 8*q**2 + 18*q. Let n be a(-12). Suppose 0 = -2*j + n - 22. Calculate the greatest common factor of 13 and j.
13
Let b be 6/30 + (-2)/(-20)*698. Let r = -57 + b. What is the greatest common divisor of 169 and r?
13
Let j(q) = 18*q**2 + 22 - 17*q**2 + 10 + 21*q - 27. Let i be j(0). What is the greatest common divisor of 2 and i?
1
Let h be -1*(-5 - -8) + (81 - -2). Suppose 0*g = -g + 50. What is the highest common divisor of g and h?
10
Suppose -3*k + 3*z = 564, -2*k + 3*k - 5*z = -200. Let r = k + 189. What is the highest common factor of r and 100?
4
Let f(t) = 5*t**3 - 158*t - 4*t**3 + 45 + 0*t**3 - 10*t**2 + 154*t. Let h be f(10). What is the greatest common divisor of h and 190?
5
Suppose g + 1 = 2*y, -2*g - 7 = -5*g + 4*y. Let x = 14578 - 14299. What is the greatest common factor of x and g?
9
Let j be 12560/144 + 4/(-18). Let v(s) = 3*s + 18. Let f be v(-5). Calculate the highest common factor of j and f.
3
Let f be 0/((-35)/7)*(-2)/4. Suppose 3*l - 28 = -5*q, -3*l + 4*q - 6 - 11 = f. Let c be (66/(-8))/3*-4. Calculate the highest common factor of l and c.
1
Let g be 104/728 - (-4282)/14. Calculate the highest common factor of 374 and g.
34
Let z = -5817 + 5862. Calculate the highest common divisor of z and 7245.
45
Suppose -b + 3*q + 153 + 5 = 0, 6 = q. Calculate the highest common divisor of 1881 and b.
11
Let k = 2165 + -2160. Let o(z) = 317*z - 3. Let x be o(2). Suppose -k*f + x = 81. Calculate the greatest common factor of f and 10.
10
Suppose -107*p + 109*p = 444 + 906. Calculate the highest common divisor of 6 and p.
3
Let h(n) be the second derivative of 15*n**4/4 - 17*n**3/6 + 25*n**2/2 + 2*n - 45. Let f be h(2). Calculate the highest common divisor of f and 9.
9
Suppose -5*v + 2*h = 3, -v = 3*h - 6*h + 11. Calculate the highest common factor of 262 and v.
1
Let b(f) = 2*f**2 + 11*f - 31. Let n be b(-8). Calculate the greatest common divisor of n and 3141.
9
Let d be 9*(-6 + 5) + (42 - (12 + -11)). Calculate the highest common factor of d and 38416.
16
Suppose 12*c - 7687 + 237 = 9482. Calculate the highest common factor of c and 17.
17
Suppose 2*y - 31 = 2*u + 3*u, 3*u + 15 = 0. Suppose -763 = -y*o + 2*w - w, -o = -2*w - 251. What is the greatest common divisor of 102 and o?
51
Let u be -300 + 301 + 95*1. Calculate the greatest common divisor of 480 and u.
96
Let i be 2 - ((-20)/110 - 2451/11). Suppose 5*r = -i + 1605. Calculate the greatest common factor of 6 and r.
6
Let r(z) = 3*z**2 + 5. Let l(n) = 2*n**2 + n + 4. Let o(q) = -4*l(q) + 3*r(q). Let y be o(7). Let s = -688 + 696. What is the highest common factor of s and y?
4
Suppose -3*q + 2*o - 354 - 3986 = 0, -o - 2 = 0. Let k = -930 - q. Suppose k = 4*f + 3*b, 254 = 3*f - f - b. Calculate the highest common divisor of f and 16.
16
Suppose 2*x = -5*l + 29, 0 = 4*l - 2*x - 13 - 3. Suppose -5*t - 3*b = -225, 4*t - 247 + 67 = -4*b. What is the highest common factor of t and l?
5
Suppose 14*d = 386 + 202. Suppose 720 = 57*s - d*s. What is the highest common divisor of s and 1536?
48
Let n be (6 + (-1 - 6))*-155. What is the highest common divisor of n and 248?
31
Suppose 19169 = 10*p + 4179. Let u = p + -600. Calculate the highest common divisor of u and 29.
29
Let z = 26 + -19. Suppose 0 = z*l - l - 90. Let p(v) = -2*v**3 - 17*v**2 - 8*v + 10. Let b be p(-8). What is the highest common factor of l and b?
5
Suppose -22*b + 923 + 4292 = 727. What is the greatest common factor of 804 and b?
12
Let z = 3 + -2. Let k = -29993 - -30001. Calculate the greatest common divisor of k and z.
1
Suppose 3*l = 4*s + 556, -3*s - 863 + 311 = -3*l. Calculate the greatest common factor of l and 25.
5
Let c = 37 - 37. Let u(k) = -k**2 + 3*k + 3. Let f be u(c). Suppose 5 = 2*b + t - 6*t, -f*b - t + 33 = 0. Calculate the highest common divisor of b and 2.
2
Suppose d + 2*c - 7 + 0 = 0, 5*c - 15 = 0. Let v be -34*d/2*2. Let y = 62 + v. Calculate the greatest common factor of 70 and y.
14
Let y(u) = -3*u**2 - 375*u + 1166. Let t be y(-128). Calculate the highest common factor of t and 76.
2
Let a(l) = -11*l - 267*l**2 - 19 + 265*l**2 - 22*l + 3*l. Let t be a(-15). Let o = 46 + t. What is the greatest common factor of o and 135?
27
Let g be -6 + 6 - -4*3/(-4). Let s(q) = -2*q**3 - 6*q**2 - 14*q - 6. Let p be s(g). Calculate the highest common divisor of p and 27.
9
Let m(n) = -37*n**2 - 233*n - 12. Let o be m(-6). Calculate the greatest common divisor of o and 150.
6
Let u = 135 + -121. Let y = u + -9. Suppose -g - 34 = -y*f - 93, 0 = 2*f. What is the highest common factor of 118 and g?
59
Let m be (-1)/(-5) - 11/5. Let o be ((-246)/21 - -2) + m/7. Let d = o - -25. What is the greatest common factor of 15 and d?
15
Let r be 4 + (-14 - -15) - (-1 - 1282). What is the highest common divisor of 161 and r?
161
Suppose 146 - 36 = 5*w. Suppose 17*g + 35*g - 23*g - 319 = 0. Calculate the highest common factor of g and w.
11
Let x be 6/93 + 188/(-31). Let h be 4/x*(31 - 178). What is the greatest common factor of 1274 and h?
98
Suppose -2*p - 118 = -2*y, 4*p - 25*y + 243 = -28*y. Let l be (-3276)/p + 6/15. Calculate the highest common factor of l and 275.
55
Let h(t) = -t**3 + 18*t**2 - 13*t - 23. Let l be h(17). Suppose 0 = 2*v - l + 17. Calculate the greatest common factor of 21 and v.
7
Suppose 4*o - 2*l = -98, 4*l - 13 = 2*o + 27. Let x = o + -44. Let n = x + 83. What is the highest common factor of n and 117?
13
Suppose 0 = -5*o - 38 + 238. Suppose -2*f + 20 = -7*f. Let w be 2/(-4) + (-1762)/f. What is the highest common factor of w and o?
40
Let o(x) = -16*x + 84. Let t be o(5). Let s = 10 + -15. Let f(k) = -8*k - 4. Let p be f(s). What is the highest common divisor of p and t?
4
Let c(w) = 5*w**2 + 11. Let s be c(3). Suppose 4*a - 5 = 4*t + 67, -3*a + 48 = 3*t. Let x = 31 - a. Calculate the highest common divisor of x and s.
14
Let g(x) = -2853*x - 5260. Let j be g(-9). What is the highest common divisor of 17 and j?
17
Let i be -3 - -7 - (-6)/(-2). Let z be i + ((-8)/(-2))/(-1). Let a = z - -18. What is the highest common factor of 5 and a?
5
Let p = 364 + -352. Let s be -282*9/p*(-8)/12. Calculate the highest common factor of s and 3.
3
Suppose 5*x - 1501 = -2*k + 2779, 4*x + 8 = 0. Calculate the highest common divisor of 825 and k.
165
Suppose 20*t - 1381 + 4842 = 3*q, -3*q + 3342 = -3*t. Calculate the greatest common factor of 27 and q.
27
Let z = -2127 - -2790. Calculate the highest common factor of 6 and z.
3
Let g be 1/(48/15 - 3). Suppose -4*d - g = -4*a + 31, -a = 5*d + 3. Suppose a*v - 886 = 682. Calculate the highest common factor of 28 and v.
28
Suppose -4*p = 12, -31*y - 4*p - 7376 = -33*y. Calculate the greatest common factor of 182 and y.
14
Let a be (-3*(-2)/(-6))/(-3)*189. What is the greatest common factor of 1722 and a?
21
Let v(a) = 5*a**2 + 238*a - 68. Let s be v(-50). Calculate the highest common factor of 665 and s.
133
Let p = -115 - -265. Suppose -n - 9 = 0, -5*y - 2*n + 29 = 17. What is the highest common factor of y and p?
6
Let o = -174 + 164. Let c(p) = -p**3 - 10*p**2 + 23. Let q be c(o). Let f be 9/(2/46*1). What is the greatest common factor of q and f?
23
Let x be 5/2*(1490/(-25) - 4). Let o = x - -174. Calculate the highest common factor of o and 435.
15
Suppose 5*z + 2555 = 2*s, 2*s + 3*z + z - 2600 = 0. Let k be s/27 + (-12)/(-54). What is the highest common factor of k and 32?
16
Suppose -4*h = 3*o - 994, -2*h = 29*o - 24*o - 504. Calculate the greatest common factor of h and 76.
19
Let j be (4/(-10))/((-78)/1365). Let r be ((-636)/371)/((-1)/j). Calculate the greatest common divisor of r and 228.
12
Let j be ((-15)/10 + 330/(-4))*-6. Calculate the greatest common factor of j and 54.
18
Suppose -3*m + 4*f - 582 = -212, 4*f = -5*m - 574. Let y be (21/(-6) + 4)*m. Let z = y + 67. Calculate the highest common divisor of z and 128.
8
Suppose -5*r = 5*f - 15, -4*f + 2 = -6*f. Suppose 8 = r*a, -5*u + 2*a + 110 = -111. Calculate the highest common divisor of u and 30.
15
Let f(l) = -l**2 - 8*l. Let b be f(-7). Let i be -6 + b + -824*(0 + -1). Suppose c = 6*c - i. Calculate the highest common divisor of 15 and c.
15
Let n(r) = 2*r**3 - 2*r**2 - 2*r + 24. Let w be n(3). 